se -5*f = -3*d + 22, -3*d + x = 4*f - 0. What is the units digit of d?
4
Let y(t) = 21*t**2 - 3. Let q(h) = 22*h**2 - 4. Let p(v) = 2*q(v) - 3*y(v). Let r be p(-1). Let m = -9 - r. What is the units digit of m?
9
Let x(r) = r**3 - 9*r**2 + 13*r - 12. Let f be x(8). Let p = f - 10. Suppose -2*h - b = -p, -15 = 5*b + 5. What is the tens digit of h?
1
What is the tens digit of (-42)/168 + (-293)/(-4)?
7
What is the tens digit of (-2 - 30)*3/(-3)?
3
Suppose -5*w + 2*w + 9 = 0. Suppose -2*g + 23 = 5*i, 2 = 3*i - w*g + 5. Suppose 6 = i*k - 3*p, -k - 2*k - 2*p = -26. What is the units digit of k?
6
Suppose 4*j + 10 + 78 = 0. What is the units digit of (-5)/(-2)*j/(-5)?
1
Let t be 2 - (-3 + 5 - 2). Let d = 22 - t. What is the tens digit of d?
2
Let g = -3 - -33. What is the units digit of g?
0
Suppose 3*g = 2*g. Suppose -8*w + 3*w + 25 = g. What is the units digit of w?
5
Suppose -6*r + r = -70. What is the units digit of (-1 - -2)*r - -1?
5
Suppose -55 = -2*z + 3*p, -3*p - 2*p - 25 = 0. Suppose -z = -3*u + 7. What is the units digit of u?
9
Let v(i) = -i**3 - 5*i**2 - 4*i - 2. Let a be v(-4). Let g be (-94)/18 - a/9. Let t = g + 9. What is the units digit of t?
4
Suppose -m + 151 = m - y, -4*m - 3*y = -307. What is the units digit of m?
6
Suppose 5*z - 3*r - 6 = 2*z, 10 = 5*r. Suppose z = m + 2. What is the units digit of (28/8)/(1/m)?
7
What is the tens digit of (1 + 4)/(1/8)?
4
Suppose 0 = -2*y + 11 + 1. Let a = 8 - y. What is the units digit of a?
2
Let r(l) = -l**3 + l**2 + 4*l - 4. Let c be r(3). Suppose -w + 5*z - 1 = -0, 2*z = w - 8. Let s = w + c. What is the units digit of s?
4
Let n(g) = g**3 + 7*g**2 + g - 10. Let t(u) = -u**2 + 3*u - 1. Let w be t(4). What is the units digit of n(w)?
5
Suppose 0 = 5*o - 3*o - 238. Let l be 1/2 + o/2. Suppose 2*g + 2*g = l. What is the units digit of g?
5
Let y be 1/4 - 7/(-4). Suppose 0 = y*k - 3*k + 38. What is the units digit of k?
8
Let r(j) = j**3 + j**2 - 1. Let i be r(-1). Let z = i + -23. What is the units digit of (-1)/(-5) - z/5?
5
Let x(f) = -6*f**3 - f**2 + 3*f + 4. What is the tens digit of x(-2)?
4
Let r = 560 - 352. What is the hundreds digit of r?
2
Let h(w) = -7*w - 16. Let v(a) = -4*a - 8. Let s(p) = 3*h(p) - 5*v(p). Let t be s(-6). What is the units digit of (-46)/(-6) - t/6?
8
Suppose 2*u = -2*z + 1 - 3, -4*u - 3*z - 8 = 0. What is the units digit of 5/u*(-6)/1?
6
Let n(q) = -13*q - 1. Let x be n(-1). Suppose -3*p = -v - 26, 4*p - 3*p - v - x = 0. What is the units digit of p?
7
Suppose 0 = 8*h - 5*h - 18. Suppose -35 = h*s - 11*s. What is the units digit of s?
7
Let o(g) = g + 14. What is the units digit of o(7)?
1
Suppose -18 = -g + 3*v - 2, 2*g - 24 = 4*v. Suppose -g*d = k - 11, -2*d - k + 7 = 2. Suppose -d*p + 3 = -3. What is the units digit of p?
2
Let w = 932 - 630. What is the tens digit of w?
0
Suppose -4*j = -5*u - 3*j + 42, -4*u + 4*j + 40 = 0. What is the units digit of u?
8
Let k(v) = -6*v. Let x be k(1). What is the units digit of (2/(-6))/(x/36)?
2
Let g = 85 + -35. Suppose 4*j = -j - g. What is the units digit of 36/j*5/(-2)?
9
Suppose 5*t = 1183 - 203. What is the tens digit of t?
9
Let w be 1/(-3) + 16/3. Suppose t = -2*z + 10, 3*t - 5 = -2*z + w. Suppose -x = -z*x - 5*y + 31, 0 = 5*y - 15. What is the units digit of x?
4
What is the tens digit of ((-141)/(-2))/((-3)/(-2))?
4
Let q(s) = -2*s - 5. Let r(y) = 3*y + 7. Let a(v) = -8*q(v) - 5*r(v). Let g(h) = h**3 - 3*h**2 + 2*h - 3. Let z be g(2). What is the units digit of a(z)?
2
Let d(a) = a - 1. Let f be d(3). What is the units digit of (f - -72)/2 - 3?
4
Suppose 10*k = 5*k - t - 14, 3*t = -5*k - 22. Let a = 3 + k. What is the units digit of a?
1
Let v = 32 - 20. Let a = 7 + v. Suppose 5*g - 6 = a. What is the units digit of g?
5
Let f = 1 + 4. Suppose 0 = -3*n + f*n - 2. What is the units digit of n?
1
Suppose -3*t - 99 = 5*a, -2*t + 4 = -0. What is the tens digit of 9/a - (-468)/14?
3
Suppose 2*g + 2*g - 12 = 0. Suppose 9 = g*z - 3. Suppose 2*f - 3*b = -f + 3, 2*b - z = 0. What is the units digit of f?
3
Let m(s) = -s + 15. Let a be m(0). Suppose 0 = -y - a - 6. Let l = y - -38. What is the units digit of l?
7
Suppose 30*v = 26*v + 240. What is the tens digit of v?
6
Let d be 23/4 - 5/(-20). Suppose 3*s = d*s + 93. Let a = -20 - s. What is the tens digit of a?
1
Suppose -2*s + 3*s = -5. Let l = -3 - s. What is the units digit of l?
2
Let f = 16 + -28. Let q = f - -30. What is the units digit of q?
8
Let y = 4 + 2. Let j(f) = f**2 + f - 2. Let p be j(y). Suppose 0*u = -4*u + p. What is the tens digit of u?
1
Let y(z) be the third derivative of z**4/6 - 5*z**3/6 + 6*z**2. What is the units digit of y(9)?
1
Let h(d) = 2*d**2 + 1 + 1 - d**2. Let m be h(2). What is the units digit of (m/(-1))/((-6)/4)?
4
Let d(k) = 6*k - 6. Let j be d(8). Suppose 3*y - j = -15. What is the units digit of y?
9
Let g(y) = -y**2 - 3*y + 4. Let w be g(-5). Let j = w - -15. What is the units digit of j?
9
Let d(j) = -j**2 - 1. Let l be d(-2). Let i = -1 - l. What is the units digit of i?
4
Suppose 0 = -3*t + 2*s + 105, -13 - 92 = -3*t - 4*s. What is the tens digit of t?
3
Let d be 1*(0 + 2/2). Let v be 8/4 - (-3)/d. Suppose -v*w + 31 = -4*p, -5*p + 21 = 3*w - 5. What is the units digit of w?
7
Let r be (1/2)/((-8)/(-64)). Let j = r - 2. Suppose 0 = o + j*o - 9. What is the units digit of o?
3
Suppose -9*q + 1319 = -877. What is the tens digit of q?
4
Suppose 5*z = 6*z - 14. Suppose -4*y + z = -2*y. What is the units digit of y?
7
Let d(n) = 0*n + 5*n - 3 - 3*n. Let l be d(6). Suppose -3*r = -4*k - 0*k + l, -3*r = -3. What is the units digit of k?
3
Suppose 0 = -6*g + g - 150. What is the tens digit of (-30)/(-9)*g/(-4)?
2
Let t(h) = h**3 - 2*h**2 - 7*h + 3. Let j = -10 - -15. What is the units digit of t(j)?
3
Let o = -8 - -6. Let d(w) = -w**3 + w**2 + 1 + 0*w**2 - 3. What is the tens digit of d(o)?
1
Let d(s) = -4*s**3 + s + 1. Let k be d(-1). Let a = 2 + k. What is the units digit of a?
6
Suppose 4 = -4*y + 12. Suppose y*d = -0*d + 10. What is the units digit of d?
5
Let q(m) = m**2 + m + 5. Let r be q(0). Suppose -3*y + t + 5 = -0*t, -r*t = 4*y - 13. Suppose -s + y*l - l = -7, -4*l + 26 = 5*s. What is the units digit of s?
6
Suppose 13 = 3*h + 4. Suppose 93 = 5*u + k, -1 = -h*u + 3*k + 44. Suppose 0*x - 2*x + u = 0. What is the units digit of x?
9
What is the units digit of 19 - 1 - (-12)/4?
1
Suppose -3*l + 14 = 2*x, x - l + 0 = 2. Suppose -d = -x*d + 156. Let m = d - 37. What is the units digit of m?
5
Suppose 7*b - 5 = 2305. What is the tens digit of b?
3
Let s(p) = -p**3 + 4*p**2 + 6*p + 2. Let c be s(5). Let r = 5 - c. Let a = r + 5. What is the units digit of a?
3
Let m = -1 + 0. Let g = m - -3. What is the units digit of g?
2
Let c = 61 - 27. What is the units digit of c?
4
Suppose s = -0*s + 42. Suppose -16 = 2*g - s. What is the units digit of g?
3
Let t(w) = -w - 11. Let a be t(-9). What is the tens digit of (-2)/(0 - a)*-19?
1
What is the tens digit of (-5 - (-3 + 2))*-17?
6
Let n(a) = a**3 - 3*a**2 + 19. What is the hundreds digit of n(6)?
1
Suppose -3*c = 4*v + 28, -6*c = 2*v - c. Let k be ((-32)/(-10))/(2/v). What is the units digit of (1/2)/((-2)/k)?
4
Let v be (-8)/5*10/(-4). Suppose v*o - 8 = 3*y + 80, -5*o - 3*y = -83. What is the tens digit of o?
1
Let x(a) = 2*a**3 + 23*a**2 - 12*a + 4. What is the units digit of x(-12)?
4
Let p be 2 + (1 - 8/(-2)). Let r(m) = -5*m**3 + 12*m**2 - 13*m + 3. Let d(v) = -v**3 + v**2 - v + 1. Let a(w) = 4*d(w) - r(w). What is the tens digit of a(p)?
1
Let x = -120 - -177. Let p = x + -85. Let h = -20 - p. What is the units digit of h?
8
Let p(t) = 2*t**2 - 2*t - 1. Let b be (-2)/3 + (-32)/(-12). Suppose -3*q = -2*q + b. What is the tens digit of p(q)?
1
Let r = -1 + -11. Let u = 23 - 2. Let q = r + u. What is the units digit of q?
9
Let k = -4 - -5. Suppose -10 = -a + k. What is the tens digit of a?
1
Let d = -9 - 9. What is the tens digit of (-164)/(-9) - (-4)/d?
1
Let s = -69 + 114. What is the units digit of s?
5
Let p(m) = -m**3 - 6*m**2 + 4. Let c = -15 + 9. Let s be p(c). What is the units digit of (2/s)/(2/24)?
6
Suppose -6*c + 3*c + 75 = 0. Suppose 0 = -7*m + 2*m + c. Suppose m*r - 13 = 2. What is the units digit of r?
3
Suppose -3*o + 2*o - 6 = -n, 10 = -5*o. Suppose n*u - u - 